
Let q(x) = -x**3 - 25*x**2 - 11*x + 178. What are the prime factors of q(-25)?
3, 151
Let i be (-10)/40 - 1*(-3154)/8. Suppose -r + 5*c + 140 = 0, -r = 2*r - 2*c - i. What are the prime factors of r?
2, 5, 13
Suppose -33*b = -32*b + 4*g - 11650, 0 = -5*b - 2*g + 58196. What are the prime factors of b?
2, 11, 23
Suppose -7337 + 1497 = -10*o. Suppose 0 = z + 2 + 2, -4*w + o = 2*z. List the prime factors of w.
2, 37
Suppose -4*w - 25928 = 24*w. Let p = w - -1818. List the prime factors of p.
2, 223
Let y be 5*49/70*1*4. Suppose -y*a + 3530 = -4*a. List the prime factors of a.
353
Suppose 6*s - 2099 = 43. Suppose -17*l + s = -16*l. Let d = -134 + l. List the prime factors of d.
223
Suppose 24*h - 7*h - 275478 = -4*h. What are the prime factors of h?
2, 7, 937
Suppose 0 = -4*o + 2 - 6. Let r(c) = -39*c - 5. Let u be r(o). Suppose 2*p - u - 38 = 0. List the prime factors of p.
2, 3
Let t(s) = 74*s - 23. Let h be t(16). Let y = h + -802. What are the prime factors of (-1)/(-5) - y/(-5)?
2, 3
Suppose 24 + 8 = 4*y. Suppose 0 = 2*u + y*u - 30. What are the prime factors of -3*u/9*-55?
5, 11
Let t = 16398 - 4579. List the prime factors of t.
53, 223
Suppose 4*y - 35*r - 8842 - 24528 = 0, 0 = -4*y - 2*r + 33444. What are the prime factors of y?
2, 5, 11, 19
Suppose -23 + 5 = -6*h. Suppose 4*n + z - 5*z - 2408 = 0, -h*n + 2*z + 1810 = 0. List the prime factors of n.
2, 3, 101
Let s be ((-3)/6)/(10/7780). Let y = 396 + s. List the prime factors of y.
7
Suppose 0 = -3*y + t + 28810, 4*y + 3*t = y + 28794. List the prime factors of y.
2, 4801
Suppose -3*v = -5*u + 18478, 0 = -5*u - 79*v + 77*v + 18473. List the prime factors of u.
5, 739
Let d = 4255 - 3296. What are the prime factors of d?
7, 137
Let o(x) = -x**3 - 62*x**2 - 61*x - 1022. List the prime factors of o(-67).
2, 5, 2551
Let w be -559 + 2 + (-57)/19. Let h = 128 - w. What are the prime factors of h?
2, 43
Let p = 26953 - 8479. What are the prime factors of p?
2, 3, 3079
Let x(d) = -4*d**3 + 2*d**2. Let o be x(-2). Suppose -s - o = -6*s. Suppose -s*l - 56 = -280. What are the prime factors of l?
2, 7
Let j = 503 + 15545. List the prime factors of j.
2, 17, 59
Let f(w) = -w**3 + 43*w**2 + 25*w + 72. Let b be f(40). Suppose -3*y + 2431 = 2*o, -3*o + 1833 = -5*y + b. List the prime factors of y.
809
Let z be (8/(-10))/(52/(-10) - -5). Suppose 4*a + 12 = 0, 0 = -4*y + z*a + 550 + 334. List the prime factors of y.
2, 109
Suppose 0 = -3*j - 4*d + 911, -2*j - 416 = -4*d - 1010. Suppose 47*g = 44*g + 426. Let v = j - g. List the prime factors of v.
3, 53
Let o = -305 - -319. List the prime factors of o/(-21)*1455/(-10).
97
Let x = -1920 - -3239. List the prime factors of x.
1319
Let o(j) = 3*j**2 + 8*j - 5. Let g = 97 + -87. Suppose a = -3*q + 3*a - g, 20 = -5*a. What are the prime factors of o(q)?
5, 11
Let z = 14014 + -7362. What are the prime factors of z?
2, 1663
Suppose -c - 10736 = -9*c. Suppose 4*m = -4*s - 1784, -3*s - c = -0*m + 2*m. Let x = 646 + s. What are the prime factors of x?
2, 7
Let j(t) = -11*t - 86. Let w be j(-11). Suppose -2*g - 3684 = -5*b, -b = -w*g + 32*g - 729. What are the prime factors of b?
2, 3, 41
Suppose -5*j - 4*r + 2788 = 0, -5*r + 1627 = 4*j - 598. Suppose -j - 56 = -8*v. What are the prime factors of v?
7, 11
Let v(q) = -44*q + 12. Let i(g) = 44*g - 13. Let y(z) = -6*i(z) - 4*v(z). List the prime factors of y(-4).
2, 191
Suppose -56 + 47 = -3*j. Suppose -4*k + j*y - 8*y + 590 = 0, 2*k - 4*y = 282. List the prime factors of k.
5, 29
List the prime factors of ((-53686)/10)/((13 - 14)/(-2 - -7)).
17, 1579
Let c be 3*8/60 + (-35710)/25. List the prime factors of 2/(7134/c - -5).
2, 7, 17
Suppose 0 = 6*v - 4771 + 1975. Suppose 5*g = -3*s + v, -5*s - 33*g + 30*g = -766. What are the prime factors of s?
2, 19
Let a(s) = 956*s + 1095. List the prime factors of a(16).
37, 443
Suppose 14*k + 460788 = -2*k + 92*k. What are the prime factors of k?
3, 43, 47
Let q(x) = -15662*x**3 - 219*x - 218. What are the prime factors of q(-1)?
3, 23, 227
Let i(w) = 5*w**3 + 15*w**2 - 12*w + 14. What are the prime factors of i(10)?
2, 23, 139
Suppose 0 = -2*a + 3*u + 18, -3*a - 9*u + 25 = -13*u. Suppose -a*p + 2569 = 13*c - 18*c, 4*p = 2*c + 3430. List the prime factors of p.
2, 3, 11, 13
Let x(p) = -p**2 - p + 8. Let q be x(-3). Suppose -2*g - 1030 = -q*k - 4*g, -2055 = -4*k - 5*g. List the prime factors of k.
2, 5, 13
Let z(a) = 5*a**2 + 3*a + 1. Let u be z(-1). Suppose 3*f = -9, 2*h + 5*f - u = 6*f. Suppose h = 2*s - 147 - 45. What are the prime factors of s?
2, 3
List the prime factors of (-913876)/(-68) - 186/527.
89, 151
Let h(t) = 2091*t - 253. What are the prime factors of h(2)?
3929
Let a = -123 + 173. Suppose a = -74*f + 76*f. Suppose 20*y = f*y - 500. List the prime factors of y.
2, 5
Let f be 245/21 - (-2)/6. Let o be (-9)/f - (-54)/8. Suppose 0 = o*p - 4*p - 90. List the prime factors of p.
3, 5
Suppose 5*p = 5*c + 110, -5*c - 112 = 4*p - 7*p. Let f(t) = 2*t + 14. Let v be f(18). Let n = c + v. List the prime factors of n.
3
Suppose 4*c - 141317 = -5*k + 1191, 5*k - c = 142523. List the prime factors of k.
2, 7, 509
Let j be ((-128)/224)/(32/(-14) + 2). Suppose -j*y - 242 = -3*b, 5*b - 5*y = -10*y + 420. What are the prime factors of b?
2, 41
Suppose 2*v + 2*v - r = 24, 5*v = -r + 21. Let b be 12855/(-75) - 3/v. Let m = 9 - b. List the prime factors of m.
181
Let z(k) = -k**2 + 28*k + 32. Let n be z(29). Suppose 5*q - 4*s + 6*s - 3590 = 0, 4*s - 2154 = -n*q. List the prime factors of q.
2, 359
Let w(g) = 7*g**3 + 2*g**2 - g - 27. Let t be w(-6). Let b = 2704 + t. List the prime factors of b.
11, 113
Let g(m) = -2*m**3 - 3*m**2 - 19*m - 21. Suppose -5*q + 5*o - 50 = -0, -10 = -q - 4*o. List the prime factors of g(q).
3, 139
Let l(o) = o**3 + 28*o**2 + 30*o - 32. Suppose 197 = -6*p + 35. Let g be l(p). Let b = -91 - g. What are the prime factors of b?
2, 11
Let q be 5 + -5 + -4 + 4. Suppose q = 20*d - 23*d + 12. Suppose -n - 11 = -i, -n + d*n = -2*i + 27. List the prime factors of i.
2, 3
Let u(c) = 11*c**2 - 130*c - 357. List the prime factors of u(-28).
3, 7
Let c(m) = 71*m + 7. Let k(r) = -1. Let z(d) = -35*d - 7. Let f(g) = 4*k(g) - z(g). Let a(h) = 6*c(h) - 13*f(h). What are the prime factors of a(-2)?
61
List the prime factors of (1 + -115)*(-29735)/190.
3, 19, 313
Let y be (1 - (0 + 0))/(-31 + 43432/1403). Let b = -9 - -3. What are the prime factors of (-860)/b + y/69?
11, 13
What are the prime factors of (-402)/(-14) - 29 - (-66756)/14?
2, 149
Let d be 146*(39/(-6) - -6). Let i = d + 1066. What are the prime factors of i?
3, 331
Let y = -13386 + 22136. What are the prime factors of y?
2, 5, 7
Let p = -1308 + 5679. Suppose -28868 + p = -17*y. What are the prime factors of y?
11, 131
Suppose 9*g - 3*g = 18. Let b(q) = 8*q - 17. Let j be b(g). Suppose u + 258 = j*u. What are the prime factors of u?
43
Let c = -69409 - -112677. What are the prime factors of c?
2, 29, 373
Suppose 6797*y - 51384 = 6785*y. List the prime factors of y.
2, 2141
Let n(x) = 1450*x - 2549. List the prime factors of n(6).
6151
Let i = 268 - -103. Suppose 711 = 5*u + i. List the prime factors of u.
2, 17
Suppose -c - 160 = -5*c. Suppose 6*h = -4*h + c. Suppose 0*r - r - h*s + 277 = 0, -s - 1385 = -5*r. List the prime factors of r.
277
Suppose -3 = h, -154*c - 351727 = -159*c + 4*h. List the prime factors of c.
7, 13, 773
Let h = -29433 - -42317. List the prime factors of h.
2, 3221
Suppose 356933 = -20*k + 938793. List the prime factors of k.
47, 619
Let f(z) = -15*z**2 - 15*z + 98 + 0*z + 4*z - 16*z - 5*z + z**3. What are the prime factors of f(18)?
2, 13, 19
Let p = 2923 - -24795. List the prime factors of p.
2, 13859
Let v be 0/((1/(-3))/(26/(-78))). List the prime factors of ((-150)/8)/((v - -4)/(-112)).
3, 5, 7
Let n(i) = 5*i**2 - 3*i - 3. Let r be n(-1). Let f be (12 - 2 - r)/((-1)/1). What are the prime factors of (4/6)/(f*(-6)/4005)?
89
Let j = 1828 - 824. What are the prime factors of j/6 - 48/36?
2, 83
Let t be 6 + -5 + -6 - -68. What are the prime factors of (8/(-2))/(t/(-7056))?
2, 7
Let q = -6819 - -13295. List the prime factors of (-210)/(-84)*q/(-10)*-1.
1619
Suppose 12 = 5*s - 3. Suppose s*u - 5*u + 16 = 2*b, 4*u = 2*b - 4. Let d(x) = x + 14. What are the prime factors of d(b)?
2, 5
Sup